late the remainder when 1767 is divided by f.
59
Suppose -9 - 3 = -g. Let y be (g/(-7))/((-12)/126). Suppose 5*r = 4*r + y. What is the remainder when 69 is divided by r?
15
Suppose 2*c - 2 = 0, -k - 7*c = -4*c - 7. Suppose 2*m - 4*m + 22 = q, -5*q = k*m - 44. Suppose 4*s - 99 = 73. Calculate the remainder when s is divided by m.
10
Suppose -v + 10 = -4*t, 5*t - 58 - 87 = -4*v. Let s = 43 - 38. Suppose -7*o + 429 = s*c - 3*o, -o + 85 = c. What is the remainder when c is divided by v?
29
Calculate the remainder when 59 is divided by (-30)/45 + (-74)/3*-1.
11
Suppose 1 = 2*b - 3*n - 2, 5*b - n = 27. Calculate the remainder when 52 + (6/(-15))/((-50)/625) is divided by b.
3
Let a(d) = -2*d + 9. Let h be a(3). Calculate the remainder when 12/18 - 1/h*-43 is divided by 10.
5
Suppose -54*v - 19*v = -14162. Calculate the remainder when v is divided by 28.
26
Let v = -113 - -138. Calculate the remainder when (-121)/(-2 + 0 + 1) is divided by v.
21
Suppose 5*q + 267 = 427. Suppose -11*j + 3*j = -q. Calculate the remainder when 54 is divided by j.
2
Let c be ((-1096)/40)/(1/(-5)). Let m = c - 68. Let t = m + -35. What is the remainder when t is divided by 9?
7
Let h be (2 + 7)/(5 + -4). Suppose -h = -g - 0. What is the remainder when 25 is divided by g?
7
Let n(m) = -21*m + 255. Let i(u) = -4*u + 51. Let h(p) = 11*i(p) - 2*n(p). Calculate the remainder when 67 is divided by h(15).
4
Let h(c) = c**2 - 24*c + 30. Let a(y) = y**2 - 24*y + 29. Let d(m) = -5*a(m) + 4*h(m). What is the remainder when d(9) is divided by 16?
14
Suppose -2*v = u - 61, 29*v - 175 = 24*v + 2*u. What is the remainder when v is divided by 20?
13
Calculate the remainder when (561/44)/(18/336) is divided by 83.
72
Suppose -21*h = -3105 - 5988. Calculate the remainder when h is divided by 71.
7
Let u = 417 + -365. What is the remainder when 193 is divided by u?
37
Suppose -x - 114 = -5*p + x, p + 3*x = 16. Let f = -120 + 124. What is the remainder when p is divided by f?
2
Suppose 0 = -4*y - 2*r - 174, r - 123 = -y + 4*y. Let z = y - -63. What is the remainder when 40 is divided by z?
19
Let a(k) = k**3 + 23*k**2 + 41*k + 310. What is the remainder when a(-21) is divided by 93?
52
Let x = -177 + 212. What is the remainder when x is divided by 20?
15
Suppose -5*k - 823 + 1518 = 0. What is the remainder when k is divided by 6?
1
Calculate the remainder when 934 is divided by 44/462 + (-271)/(-21).
11
Let j(f) = -f**3 + 2*f**2 + 3*f + 1. Calculate the remainder when 87 is divided by j(-3).
13
Let j = 199 + -192. Calculate the remainder when 15 is divided by j.
1
Suppose 4*i + 52 = 132. Calculate the remainder when 57 is divided by i.
17
Let r = -155 + 214. Let t(w) = w**2 + w + 5. What is the remainder when r is divided by t(-4)?
8
Suppose 278 + 250 = 8*d. What is the remainder when d is divided by 24?
18
Calculate the remainder when (-1)/4 + 6245/20 is divided by 45.
42
Let y(k) = -6*k. Let n be y(-3). Let t = n - 6. What is the remainder when t is divided by 5?
2
Suppose -4*d - 5*u + 11 = 0, -1 = 7*u - 6*u. Let w(b) = -b**2 + 15*b + 4. What is the remainder when d is divided by w(15)?
0
Let t be (-22 - (-9 - -12))*1/(-5). Suppose 112 = 5*w - o, 2*w - 4*w + t*o = -31. What is the remainder when w is divided by 0 + 13 + -3 + 2?
11
Suppose -i - 3 = -d + 5, -2 = -d - i. Suppose 3*a - 3*m - 24 = 0, -4*m - 33 = -d*a - 6*m. What is the remainder when 12 is divided by a?
5
Suppose 5*m + 12*m = 3366. Calculate the remainder when m is divided by 40.
38
Let u be 1 + (-18)/22 + (-21762)/(-341). Let a = u - 30. What is the remainder when 166 is divided by a?
30
Suppose -8*x = -3453 + 1325. What is the remainder when x is divided by 94?
78
Suppose -a + 962 = 12*a. Suppose 4*c + 5*n = 177, 2*n = 5 + 5. Calculate the remainder when a is divided by c.
36
Suppose -4*y - 145 = -4*u + 419, -5*y = -4*u + 709. Let v = y + 248. Calculate the remainder when v is divided by 21.
19
Let x(k) = 3*k + 24 + 6 + k**2 + 24 - 4*k. Calculate the remainder when x(0) is divided by 11.
10
Suppose 21*r + 0*r = 2520. What is the remainder when r is divided by 35?
15
Suppose -4*h - 2*u + 157 = -5*u, 3*h - 124 = -4*u. What is the remainder when 117 is divided by h?
37
Let w = -22 - -449. What is the remainder when w is divided by 86?
83
Calculate the remainder when (-4)/42 + (-3950)/(-21) is divided by 19.
17
Let n(v) = v**3 - 21*v**2 - 2*v - 7. Let j(m) = m**3 - 20*m**2 - 2*m - 6. Let i(c) = -6*j(c) + 5*n(c). What is the remainder when 118 is divided by i(15)?
25
Let h(q) = -q**2 + 9*q - 6. Let s = 38 - 14. Suppose b = -s + 78. What is the remainder when b is divided by h(4)?
12
Let s = 34 + -1. Let r = 28 - 1. Suppose 4*n - 45 - r = 0. Calculate the remainder when s is divided by n.
15
Suppose 32*r - 2387 = -979. What is the remainder when r is divided by 17?
10
Let w(f) = 20*f + 160. What is the remainder when 197 is divided by w(-7)?
17
Suppose -5*k = -2*i - 0*k + 74, 4*k = -5*i + 218. Calculate the remainder when i is divided by 6.
0
Suppose 1447*s - 1446*s - 99 = 3*k, 3*s - 2*k = 325. Let g = -3 + 17. What is the remainder when s is divided by g?
13
Let j = -33 - -33. Suppose -5*i - 4*b + 52 + 22 = 0, 2*b = 2. Suppose -n - 3*t + 13 = j, 3*t + i = n + 7*t. What is the remainder when 47 is divided by n?
7
Let f(a) = 39*a - 198. What is the remainder when f(6) is divided by 26?
10
Let w = 297 + -167. Calculate the remainder when w is divided by 34.
28
Let u(h) = 27*h**2 + 1. Let p = -613 - -624. Calculate the remainder when u(1) is divided by p.
6
Suppose -f - 1 = -5*u, 2*f = 6*f - 3*u + 21. Let p = 15 + f. Let z = 9 + p. Calculate the remainder when 51 is divided by z.
15
Suppose -2*n - 5 = -j + 43, 0 = -j + 5*n + 33. Calculate the remainder when j is divided by 30.
28
Let s(p) = p**2 - 6*p + 6. Suppose -33 = o - 2*o + 3*m, -5*o + 245 = 5*m. Calculate the remainder when o is divided by s(6).
3
Let m(c) be the first derivative of 4*c**3/3 + 7*c**2 + 11*c - 1. Calculate the remainder when m(-5) is divided by 13.
2
Suppose 5*j + 5*g - 560 = 0, 0*j + 5*g + 88 = j. Let x = j + -10. Calculate the remainder when x is divided by 50.
48
Suppose -4196 + 20316 = 130*k. What is the remainder when 250 is divided by k?
2
Let v = -13 - -31. Suppose -d + 4*p - 5 = 7, -p = d - 3. Suppose -2*c = -d*c - 66. Calculate the remainder when c is divided by v.
15
Let t(l) = l + 1. Let y be t(-3). Let x(i) = -i + 3. Let u be x(y). Suppose -200 = c - u*c. Calculate the remainder when c is divided by 13.
11
Suppose 3 = 5*h + 2*n - 6, 0 = -3*h - 3*n + 9. Let x(b) = -b**3 - 9*b**2 + 11*b + 12. What is the remainder when h/2 - (-21)/6 is divided by x(-10)?
0
Let h(u) = u**2 - 9. Let g be h(-11). Calculate the remainder when (0 - 2)*(-51)/6 is divided by (-3)/9 + g/12.
8
Let q(j) = 59*j - 47. What is the remainder when q(3) is divided by 44?
42
Suppose 135*g - 131*g = 76. Calculate the remainder when 74 is divided by g.
17
Let r(f) = -3*f**2 - 25*f - 6. Let p be r(-7). Suppose -2*q + 20 + p = 0. What is the remainder when 61 is divided by q?
19
Suppose -y = -2*l - 100, -2 = -2*l - 0. What is the remainder when y is divided by 8?
6
Let f = -269 - -288. Suppose 0 = 5*m - m - 2*b - 158, 0 = -3*m + 3*b + 126. What is the remainder when m is divided by f?
18
Let l = 41 + -39. Suppose -136 = -4*f - 2*c, 0 = 3*f + l*f + 4*c - 170. Calculate the remainder when f is divided by 12.
10
Calculate the remainder when (58/8)/((-753)/84 + 9) is divided by 52.
47
Let y(i) = 6*i**3 + i**2. Suppose 10 = 3*r + 4. Calculate the remainder when y(r) is divided by 11.
8
Suppose -2*i + 4*k = 18, -3*k - 5 = 3*i - 23. Let b = -127 - -129. What is the remainder when b is divided by i?
0
Let t(v) = v**3 + 4*v**2 - 5*v + 1. Let i be t(-4). Calculate the remainder when (-336)/(-36)*i/4 is divided by 17.
15
Suppose 58 = w - 3*m, -4*w = -9*w + 5*m + 260. What is the remainder when w is divided by 31?
18
Let x(h) = h**2 - 3*h - 3. Suppose -4*i + 31 = 3*q - 22, -27 = -i + 2*q. Suppose 0 = -r + i - 4. What is the remainder when x(7) is divided by r?
12
Suppose 4*i - 4 - 40 = 0. Let k = -43 + 163. Calculate the remainder when (-7)/(63/k)*(-3)/2 is divided by i.
9
Suppose 21 + 6 = 9*q. Suppose -q*r + 33 - 9 = 0. What is the remainder when 23 is divided by r?
7
Let u = -17 - -11. Let k =